ive of a**5/10 - a**4/12 + a**3/2 + 7*a**2. What are the prime factors of j(2)?
23
Let l(x) = -x**3 + 12*x**2 + x + 2. Let q be l(12). Let u = 19 - q. List the prime factors of -4*15*(-2)/u.
2, 3
What are the prime factors of 960/(-25)*(-2550)/45?
2, 17
Suppose 2*y - 3 = y. Suppose -6 = -y*j + 18. List the prime factors of ((-12)/j)/(6/(-152)).
2, 19
Let p = -30 + 35. Suppose u = -2*z + 2*u + 170, 0 = -p*z - 5*u + 410. What are the prime factors of z?
2, 3, 7
Let l be 9/21 - (-4480)/(-49). What are the prime factors of -1*((-15)/5 + l)?
2, 47
Suppose -12 = 5*k - 37. Suppose 3*v - 21 = 3*u + u, -v - 12 = k*u. Suppose 40 + 47 = v*s. What are the prime factors of s?
29
Let j(b) be the first derivative of -b**3/3 - 5*b**2/2 + 3*b + 3. Let n be j(-6). Let l(v) = -v**3 + 5*v**2 + 7*v + 4. List the prime factors of l(n).
5, 11
Let t be ((-4)/(-8))/((-2)/(-916)). Suppose t = 3*v - 20. Let s = v + -47. List the prime factors of s.
2, 3
Suppose -j - 4*w = -4327, -8*j + 4*w + 13142 = -21402. What are the prime factors of j?
7, 617
Suppose 572 + 31348 = 20*y. What are the prime factors of y?
2, 3, 7, 19
Let h(s) = -2*s**2 - s + 3*s**2 + 0*s + 3 - 3*s. What are the prime factors of h(10)?
3, 7
Let r(u) = 28 + 27 - u**3 + 8*u**2 - 48 + u - 9*u. List the prime factors of r(6).
31
Let r = -3 + 8. Suppose -j - 5 + 284 = r*v, -4*j - v + 1154 = 0. List the prime factors of j.
17
Let u = -2984 - -4543. What are the prime factors of u?
1559
Suppose 5*f - 2*f = 567. Let d = -48 + f. List the prime factors of d.
3, 47
Let v be (116/2)/(-3 - (-80)/28). Let z = v - -597. List the prime factors of z.
191
Let f(y) = y - 4. Let x be f(7). Suppose 10 = 3*r + 4*q, -4*q - 50 + 0 = -x*r. List the prime factors of r.
2, 5
Let n be -34 - 7 - (-1 - 0). Let d be 10/n + (-17)/(-4). List the prime factors of d + 1 - 2 - -22.
5
Suppose -923*l = -939*l + 22160. What are the prime factors of l?
5, 277
Suppose -2*j - 7 = 5*v + 4, -2 = 2*v. Let m = -3 + j. List the prime factors of m*16/12*-4.
2
Suppose 2*o - 3*y = 17, -3*o + 2*y - 7*y - 3 = 0. Suppose -3*x = -4*w + 816, 5*w + o*x - 563 = 457. List the prime factors of w.
2, 3, 17
List the prime factors of ((-2)/3)/((-14)/9135).
3, 5, 29
Let n(v) = -v**2 - v + 1 + 17*v + 4 + 5. What are the prime factors of n(16)?
2, 5
Let k(i) = 16*i + 7. Let s be k(4). Suppose 0 = -3*a - 4*w + s - 22, 3*a - 50 = -5*w. What are the prime factors of a?
3, 5
Let a(b) be the third derivative of b**6/120 + 2*b**5/15 + 11*b**4/24 - b**3/2 - 3*b**2. What are the prime factors of a(-5)?
17
Suppose -4*o = -711 - 2129. What are the prime factors of o?
2, 5, 71
Let x be 1542/(-48)*-10 + 2/(-8). Let t = x - 211. List the prime factors of t.
2, 5, 11
Suppose 0 = 5*v + 5, t + 4*v = -4*t + 1046. List the prime factors of t.
2, 3, 5, 7
Let s(u) = -u**2 - u + 2. Let z be s(0). Let x(y) = 42*y**3 + 4*y**z + 4*y**2 + y - 9*y**2 + 0*y**3. What are the prime factors of x(1)?
2, 3, 7
Let d = 108 + -105. Suppose 0*y + 700 = 5*h + 2*y, 2*h - d*y = 299. List the prime factors of h.
2, 71
Let q(d) = 12*d**3 + 6*d**2 + 6*d + 7. List the prime factors of q(6).
2851
What are the prime factors of (-248)/3596 - (-129460)/58?
2, 3, 31
Suppose -24 - 12 = 3*f. Let b = f + 12. Suppose 4*h - 25 - 67 = b. What are the prime factors of h?
23
Let s = -48 + 50. Suppose 0 = -5*y + s*y - 4*i + 334, 5*i + 404 = 4*y. List the prime factors of y.
2, 53
Suppose 5*z = 25, 0*z + 50 = -5*b + 4*z. Let u(d) = -5*d**3 - 2*d**2 - 5*d - 2. Let f be u(-2). Let n = b + f. What are the prime factors of n?
2, 17
Suppose -3*j = 2*p - 1262, p + p - 4*j = 1290. List the prime factors of p.
7, 13
List the prime factors of (2015/130)/(2/84).
3, 7, 31
Let j be -3 + (9/15 - 3321/(-15)). Let h = -123 + j. List the prime factors of h.
2, 3
Suppose -5*j = 25, -98 = 4*n + 5*j - 37. What are the prime factors of (3/7)/(n/(-63))?
3
Suppose 8*c - 9972 - 8124 = 0. What are the prime factors of c?
2, 3, 13, 29
Suppose 5*f = 0, n + 5*f = 3*n - 1496. Suppose -l + 5*d = 6*d - 256, d = 3*l - n. List the prime factors of l.
251
Suppose r + 112 + 219 = 0. Let b = 479 + r. What are the prime factors of b?
2, 37
Let f(w) = w**3 - 33*w**2 + 6*w + 68. List the prime factors of f(33).
2, 7, 19
List the prime factors of ((-8)/6)/(208/(-435240)).
2, 3, 5, 31
Suppose -3*a = x - 246, 430 = 2*x - a - 83. List the prime factors of x.
3, 5, 17
What are the prime factors of (-10 + 112/10)/(6/2320)?
2, 29
Let p = 168 - -68. List the prime factors of p.
2, 59
Suppose 129 = -6*d + 147. Suppose 7*n - 2*n = 2*m - 53, 3*n - 90 = -d*m. What are the prime factors of m?
29
Let a be -4 + 3 + -2 + 6. Suppose -4*t = 0, 2*t - a*t + 30 = 3*o. What are the prime factors of o?
2, 5
Let s(g) = -3*g + 18. Let o be s(5). List the prime factors of (-4199)/(-51) - 1/o.
2, 41
Let o(x) = x**2 - 2*x + 17. List the prime factors of o(16).
241
Let d be ((-102)/(-24))/((-2)/(-72)). Suppose 141 = -5*b + 2*n - 123, -3*n = -3*b - d. Let a = b - -84. What are the prime factors of a?
2, 3, 5
Suppose t - 13 = -8. Suppose -t*j = -3*j - 4. Suppose -k + 0*l - j*l = -49, -l = -2*k + 88. List the prime factors of k.
3, 5
Suppose -4028 = -2*y - 2*n, 5*y = y + 3*n + 8049. List the prime factors of y.
3, 11, 61
Let g(p) = 2*p + 5 - 4 + 2. Let z(m) = 10*m + 93. Let u be z(-9). What are the prime factors of g(u)?
3
Let k(y) = 125*y - 34. List the prime factors of k(4).
2, 233
Suppose 0 = 5*n - 0*n + y - 26, 4*n - 2*y = 18. Suppose c = -n*v + 25, 2*c + 4*v = -3*c + 41. What are the prime factors of c?
5
Let j = -168 - -172. Suppose -4*o - 552 = -5*v, 0*o + 5*o - 417 = -j*v. List the prime factors of v.
2, 3
Let r = -1582 - -3019. List the prime factors of r.
3, 479
Let f = 1575 - 835. What are the prime factors of f?
2, 5, 37
Let n be 12/(-8) - (-2025)/6. Let x = 585 - n. What are the prime factors of x?
3, 83
Let t = -636 + 1176. List the prime factors of t/8 - 3/2.
2, 3, 11
Suppose 14*w - 23 = 89. Let x = 18 - 13. Suppose h - 5*c = -h - w, -x*h - 4*c = -46. List the prime factors of h.
2, 3
Let w(b) = -3*b - 6. Let l be w(-2). Suppose l*x + 36 = 2*x. Suppose -2*j + 5*h + 165 = 0, -j + 5*h + 108 = x. List the prime factors of j.
3, 5
Let l(k) = -k**3 - 4*k**2 + 12*k - 6. Let u(f) = f**2 - f + 1. Let n(o) = l(o) + 5*u(o). List the prime factors of n(3).
2
Suppose 133*q = 153*q - 18360. List the prime factors of q.
2, 3, 17
Suppose -88*x + 99*x - 22374 = 0. What are the prime factors of x?
2, 3, 113
Let s = 165 - 156. What are the prime factors of s?
3
Let k(b) = b**3 - 7*b**2 + 7*b - 6. Let h be k(6). Let y be h*(4/(-2) + 3). Suppose 5*u - 34 = 4*v, y = -2*u - u - 5*v + 50. List the prime factors of u.
2, 5
Let d(f) = 965*f**2 + 6*f + 6. List the prime factors of d(-1).
5, 193
Let g be ((-2)/((-4)/4))/(-2*1). What are the prime factors of 166*(-1)/(g + -1)?
83
Suppose t = -1 + 7. Suppose -t*a + 280 = -56. What are the prime factors of a?
2, 7
Let q(m) = 34*m - 12. Let z = 4 + 2. Let x be q(z). Suppose 0 = d - 2*o - 64, d - 4*d + 4*o + x = 0. List the prime factors of d.
2
Suppose 2*m - 1238 = -6*h + 3*h, -823 = -2*h + m. List the prime factors of h.
2, 103
Let s be 10*110/(-6)*(-3)/2. Let i = s - 87. What are the prime factors of i?
2, 47
Suppose -5*c + 1 + 601 = 2*q, -6 = -3*c. What are the prime factors of q?
2, 37
List the prime factors of 3/9 - (-3098)/3.
1033
Let g(s) = -s**3 - 8*s**2 - 8*s + 10. Let o = 18 + -25. Let u be g(o). Suppose -3*w + 24 = -m - 67, -u = -w - 3*m. List the prime factors of w.
29
Let w(m) = -608*m + 37. List the prime factors of w(-4).
3, 823
Let q(h) = 8*h**2 - 11*h - 18. Let d = -17 + 12. Let l(t) = -4*t**2 + 5*t + 9. Let i(c) = d*l(c) - 2*q(c). What are the prime factors of i(4)?
43
Suppose 3*r - 2*i - 5 = -0, 0 = 5*r - 2*i - 15. Suppose -2*p + 0*p = -5*g - 84, 2*p + r*g - 84 = 0. What are the prime factors of p?
2, 3, 7
Let u = 21 + 48. What are the prime factors of u?
3, 23
Let s(c) = 38*c**2 + 2*c + 1. Suppose 0 = 3*x + 9 - 6. List the prime factors of s(x).
37
Suppose -43*a = -42278 - 11773. List the prime factors of a.
3, 419
Let t be (8/(-5))/(-2)*5. Suppose t*g + 4*o - 664 = 0, -o - 328 = -2*g - 5*o. List the prime factors of g.
2, 3, 7
Suppose -p + 20 = 3*p. Suppose 0 = -4*v - p*f + 272, 2*f - 3*f + 215 = 3*v. List the prime factors of v.
7